{"id":52,"date":"2020-03-13T09:29:20","date_gmt":"2020-03-13T08:29:20","guid":{"rendered":"http:\/\/leprismeasbl.be\/?page_id=52"},"modified":"2020-03-13T15:28:25","modified_gmt":"2020-03-13T14:28:25","slug":"activites-encadrees","status":"publish","type":"page","link":"https:\/\/leprismeasbl.be\/index.php\/activites-encadrees\/","title":{"rendered":"Activit\u00e9s encadr\u00e9es"},"content":{"rendered":"<p>[et_pb_section fb_built=\u00a0\u00bb1&Prime; _builder_version=\u00a0\u00bb4.3.2&Prime; background_color=\u00a0\u00bb#f4f4f4&Prime;][et_pb_row column_structure=\u00a0\u00bb1_3,1_3,1_3&Prime; _builder_version=\u00a0\u00bb4.3.2&Prime;][et_pb_column type=\u00a0\u00bb1_3&Prime; _builder_version=\u00a0\u00bb4.3.2&Prime;][et_pb_text _builder_version=\u00a0\u00bb4.3.2&Prime; custom_padding=\u00a0\u00bb40px|20px|||false|false\u00a0\u00bb]<\/p>\n<p><span style=\"color: #ff0000;\"><strong>Qu\u2019est-ce qu\u2019une activit\u00e9 encadr\u00e9e\u00a0?<\/p>\n<p><\/strong><\/span><\/p>\n<ul>\n<li style=\"text-align: justify;\">Une activit\u00e9 encadr\u00e9e est une <strong>mesure \u00e9ducative<\/strong> impos\u00e9e par le Juge de la Jeunesse parce que tu as commis un d\u00e9lit.<\/li>\n<li style=\"text-align: justify;\">Le Juge te demande de t\u2019investir dans un <strong>projet personnel<\/strong> construit avec tes parents et tes proches selon ton \u00e2ge, tes besoins et tes capacit\u00e9s.<\/li>\n<li style=\"text-align: justify;\">Ton projet peut prendre des formes diff\u00e9rentes\u00a0: d\u00e9marches sociales et scolaires, activit\u00e9s sportives, culturelles, etc.<\/li>\n<li style=\"text-align: justify;\">La participation \u00e0 cette activit\u00e9 se d\u00e9roule <strong>durant ton temps libre<\/strong>.<\/li>\n<li style=\"text-align: justify;\">Le but est que ta situation \u00e9volue positivement.<\/li>\n<\/ul>\n<p>[\/et_pb_text][\/et_pb_column][et_pb_column type=\u00a0\u00bb1_3&Prime; _builder_version=\u00a0\u00bb4.3.2&Prime;][et_pb_text _builder_version=\u00a0\u00bb4.3.2&Prime; text_text_color=\u00a0\u00bb#ffffff\u00a0\u00bb background_color=\u00a0\u00bb#e3001b\u00a0\u00bb custom_padding=\u00a0\u00bb40px|10px||10px|false|false\u00a0\u00bb animation_style=\u00a0\u00bbflip\u00a0\u00bb animation_duration=\u00a0\u00bb1750ms\u00a0\u00bb]<\/p>\n<p style=\"text-align: justify;\"><strong>Qu\u2019allons-nous faire ensemble ?<\/strong><\/p>\n<p style=\"text-align: justify;\"><strong><\/strong><\/p>\n<ul>\n<li style=\"text-align: justify;\"><strong>Nous nous rencontrons<\/strong> plusieurs fois avec tes parents pour faire connaissance. Nous parlons du d\u00e9lit, de ses cons\u00e9quences et de l\u2019ensemble de ta situation.<\/li>\n<li style=\"text-align: justify;\">Nous choisissons ensemble l\u2019activit\u00e9 qui te convient le mieux selon tes besoins et tes capacit\u00e9s. D\u00e8s que le projet d\u2019activit\u00e9 est construit, nous le soumettons au Juge. <strong>Nous te soutenons<\/strong> pendant la r\u00e9alisation de ton projet.<\/li>\n<li style=\"text-align: justify;\">Le d\u00e9roulement de l\u2019activit\u00e9 encadr\u00e9e et ton \u00e9volution sont <strong>\u00e9valu\u00e9s<\/strong> lors du dernier rendez-vous au PRISME.<\/li>\n<li style=\"text-align: justify;\">L\u2019intervention du PRISME prend <strong>fin<\/strong> apr\u00e8s r\u00e9union d\u2019\u00e9valuation chez le Juge de la Jeunesse.<\/li>\n<\/ul>\n<p>[\/et_pb_text][\/et_pb_column][et_pb_column type=\u00a0\u00bb1_3&Prime; _builder_version=\u00a0\u00bb4.3.2&Prime;][et_pb_text _builder_version=\u00a0\u00bb4.3.2&Prime; custom_padding=\u00a0\u00bb40px|||20px|false|false\u00a0\u00bb]<\/p>\n<p style=\"text-align: justify;\"><strong><span style=\"color: #ff0000;\">Que fait notre service ?<\/span><br \/> <\/strong><\/p>\n<p style=\"text-align: justify;\"><strong><\/strong><\/p>\n<ul>\n<li style=\"text-align: justify;\"><strong>Nous organisons<\/strong> ta participation \u00e0 une activit\u00e9 encadr\u00e9e.<\/li>\n<li style=\"text-align: justify;\">Nous travaillons en \u00e9quipe et sommes tenus au <strong>secret professionnel<\/strong>.<\/li>\n<li style=\"text-align: justify;\">Nous envoyons au Juge de la Jeunesse des <strong>rapports<\/strong> qui concernent la progression de l\u2019intervention, de ta situation personnelle et familiale.<\/li>\n<li style=\"text-align: justify;\">Nous traitons les donn\u00e9es personnelles avec le plus grand soin dans le cadre limit\u00e9 de notre mission.<\/li>\n<\/ul>\n<p>[\/et_pb_text][\/et_pb_column][\/et_pb_row][et_pb_row _builder_version=\u00a0\u00bb4.3.2&Prime; custom_padding=\u00a0\u00bb|20px|||false|false\u00a0\u00bb][et_pb_column type=\u00a0\u00bb4_4&Prime; _builder_version=\u00a0\u00bb4.3.2&Prime;][et_pb_image src=\u00a0\u00bbhttp:\/\/leprismeasbl.be\/wp-content\/uploads\/2020\/03\/illu-activitesencadrees.png\u00a0\u00bb align=\u00a0\u00bbcenter\u00a0\u00bb _builder_version=\u00a0\u00bb4.3.2&Prime;][\/et_pb_image][\/et_pb_column][\/et_pb_row][\/et_pb_section][et_pb_section fb_built=\u00a0\u00bb1&Prime; _builder_version=\u00a0\u00bb4.3.2&Prime; background_color=\u00a0\u00bb#f4f4f4&Prime; custom_margin=\u00a0\u00bb5px||||false|false\u00a0\u00bb][et_pb_row _builder_version=\u00a0\u00bb4.3.2&Prime; background_color=\u00a0\u00bb#f4f4f4&Prime; background_size=\u00a0\u00bbinitial\u00a0\u00bb background_position=\u00a0\u00bbtop_left\u00a0\u00bb background_repeat=\u00a0\u00bbrepeat\u00a0\u00bb][et_pb_column type=\u00a0\u00bb4_4&Prime; _builder_version=\u00a0\u00bb4.3.2&Prime;][et_pb_text _builder_version=\u00a0\u00bb4.3.2&Prime; background_color=\u00a0\u00bb#0798a4&Prime; hover_enabled=\u00a0\u00bb0&Prime; min_height=\u00a0\u00bb5px\u00a0\u00bb custom_padding=\u00a0\u00bb0px||2px||false|false\u00a0\u00bb][\/et_pb_text][et_pb_text _builder_version=\u00a0\u00bb4.3.2&Prime; background_color=\u00a0\u00bb#f4f4f4&Prime; custom_margin=\u00a0\u00bb8px||||false|false\u00a0\u00bb]<\/p>\n<p style=\"text-align: center;\"><strong>SERVICE D&rsquo;ACTIONS RESTAURATRICES ET EDUCATIVES<\/strong><\/p>\n<p style=\"text-align: center;\">7, rue des Tuileries &#8211; 7000 MONS &#8211; 065 34 94 51 &#8211; <a href=\"mailto:prisme@skynet.be\">prisme@skynet.be<\/a><\/p>\n<p>[\/et_pb_text][\/et_pb_column][\/et_pb_row][\/et_pb_section]<\/p>\n","protected":false},"excerpt":{"rendered":"<p>Qu\u2019est-ce qu\u2019une activit\u00e9 encadr\u00e9e\u00a0? Une activit\u00e9 encadr\u00e9e est une mesure \u00e9ducative impos\u00e9e par le Juge de la Jeunesse parce que tu as commis un d\u00e9lit. Le Juge te demande de t\u2019investir dans un projet personnel construit avec tes parents et tes proches selon ton \u00e2ge, tes besoins et tes capacit\u00e9s. Ton projet peut prendre des [&hellip;]<\/p>\n","protected":false},"author":2,"featured_media":0,"parent":0,"menu_order":0,"comment_status":"closed","ping_status":"closed","template":"","meta":{"_et_pb_use_builder":"on","_et_pb_old_content":"","_et_gb_content_width":"","footnotes":""},"class_list":["post-52","page","type-page","status-publish","hentry"],"_links":{"self":[{"href":"https:\/\/leprismeasbl.be\/index.php\/wp-json\/wp\/v2\/pages\/52","targetHints":{"allow":["GET"]}}],"collection":[{"href":"https:\/\/leprismeasbl.be\/index.php\/wp-json\/wp\/v2\/pages"}],"about":[{"href":"https:\/\/leprismeasbl.be\/index.php\/wp-json\/wp\/v2\/types\/page"}],"author":[{"embeddable":true,"href":"https:\/\/leprismeasbl.be\/index.php\/wp-json\/wp\/v2\/users\/2"}],"replies":[{"embeddable":true,"href":"https:\/\/leprismeasbl.be\/index.php\/wp-json\/wp\/v2\/comments?post=52"}],"version-history":[{"count":10,"href":"https:\/\/leprismeasbl.be\/index.php\/wp-json\/wp\/v2\/pages\/52\/revisions"}],"predecessor-version":[{"id":164,"href":"https:\/\/leprismeasbl.be\/index.php\/wp-json\/wp\/v2\/pages\/52\/revisions\/164"}],"wp:attachment":[{"href":"https:\/\/leprismeasbl.be\/index.php\/wp-json\/wp\/v2\/media?parent=52"}],"curies":[{"name":"wp","href":"https:\/\/api.w.org\/{rel}","templated":true}]}}