{"id":60,"date":"2020-03-13T09:47:39","date_gmt":"2020-03-13T08:47:39","guid":{"rendered":"http:\/\/leprismeasbl.be\/?page_id=60"},"modified":"2020-03-13T15:22:38","modified_gmt":"2020-03-13T14:22:38","slug":"concertations-restauratrices-en-groupe","status":"publish","type":"page","link":"https:\/\/leprismeasbl.be\/index.php\/concertations-restauratrices-en-groupe\/","title":{"rendered":"Concertations restauratrices en groupe"},"content":{"rendered":"<p>[et_pb_section fb_built=\u00a0\u00bb1&Prime; _builder_version=\u00a0\u00bb4.3.2&Prime; background_color=\u00a0\u00bb#f4f4f4&Prime; custom_padding=\u00a0\u00bb0px||||false|false\u00a0\u00bb][et_pb_row column_structure=\u00a0\u00bb1_3,1_3,1_3&Prime; _builder_version=\u00a0\u00bb4.3.2&Prime;][et_pb_column type=\u00a0\u00bb1_3&Prime; _builder_version=\u00a0\u00bb4.3.2&Prime;][et_pb_text _builder_version=\u00a0\u00bb4.3.2&Prime; custom_padding=\u00a0\u00bb40px|20px|||false|false\u00a0\u00bb]<\/p>\n<p style=\"text-align: left;\"><span style=\"color: #009ddf;\"><strong>Qu\u2019est-ce que la concertation restauratrice en groupe\u00a0?<\/strong><\/span><\/p>\n<p style=\"text-align: justify;\"><strong><\/strong><\/p>\n<ul>\n<li style=\"text-align: justify;\"><strong><\/strong>Une concertation restauratrice en groupe (CRG) est une tentative de <strong>r\u00e9solution \u00e0 l\u2019amiable<\/strong> d\u2019un conflit, c\u2019est une m\u00e9diation \u00e9largie \u00e0 l\u2019entourage de la victime et de l\u2019auteur.<\/li>\n<li style=\"text-align: justify;\">Vous \u00eates invit\u00e9s \u00e0 <strong>vous faire accompagner<\/strong> par des personnes de votre choix pour vous soutenir dans cette d\u00e9marche.<\/li>\n<li style=\"text-align: justify;\">Nous aidons \u00e0 trouver une <strong>issue positive au conflit<\/strong> par la reprise du dialogue et l\u2019\u00e9laboration d\u2019un accord selon vos souhaits.<\/li>\n<li style=\"text-align: justify;\">La CRG est une <strong>d\u00e9marche enti\u00e8rement volontaire. <\/strong>A tout moment, <strong>vous pouvez quitter<\/strong> le processus en gardant tous vos droits.<\/li>\n<\/ul>\n<p>[\/et_pb_text][\/et_pb_column][et_pb_column type=\u00a0\u00bb1_3&Prime; _builder_version=\u00a0\u00bb4.3.2&Prime;][et_pb_text _builder_version=\u00a0\u00bb4.3.2&Prime; text_text_color=\u00a0\u00bb#ffffff\u00a0\u00bb background_color=\u00a0\u00bb#009ddf\u00a0\u00bb custom_padding=\u00a0\u00bb40px|10px||10px|false|false\u00a0\u00bb animation_style=\u00a0\u00bbflip\u00a0\u00bb animation_duration=\u00a0\u00bb1750ms\u00a0\u00bb]<\/p>\n<p style=\"text-align: justify;\"><strong>Qu\u2019allons-nous faire ensemble ?<\/strong><\/p>\n<p style=\"text-align: justify;\"><strong><\/strong><\/p>\n<ul>\n<li style=\"text-align: justify;\"><strong><\/strong> Nous devons <strong>nous rencontrer<\/strong> pour conna\u00eetre votre situation, pour vous entendre sur les faits et leurs cons\u00e9quences. Nous vous aidons \u00e0 <strong>d\u00e9finir ce que vous attendez<\/strong> de cette concertation.<\/li>\n<li style=\"text-align: justify;\">Ensuite, si vous le souhaitez, nous organisons une <strong>rencontre<\/strong> avec l\u2019autre partie et ses soutiens <strong>en notre pr\u00e9sence<\/strong>.<\/li>\n<li style=\"text-align: justify;\">Si les discussions aboutissent \u00e0 une entente, nous vous aidons \u00e0 la <strong>r\u00e9daction d\u2019un accord<\/strong> qui officialise ce qui a \u00e9t\u00e9 convenu. Nous restons en contact avec vous pour v\u00e9rifier l\u2019<strong>ex\u00e9cution de l\u2019accord<\/strong>.<\/li>\n<li style=\"text-align: justify;\">Si vous \u00eates <strong>mineur<\/strong>, vos parents sont associ\u00e9s tout au long du processus.<\/li>\n<li style=\"text-align: justify;\">Notre travail se termine avec la fin de la concertation, que la d\u00e9marche ait abouti ou pas.<\/li>\n<\/ul>\n<p>[\/et_pb_text][\/et_pb_column][et_pb_column type=\u00a0\u00bb1_3&Prime; _builder_version=\u00a0\u00bb4.3.2&Prime;][et_pb_text _builder_version=\u00a0\u00bb4.3.2&Prime; custom_padding=\u00a0\u00bb40px|||20px|false|false\u00a0\u00bb]<\/p>\n<p style=\"text-align: justify;\"><span style=\"color: #009ddf;\"><strong>LE PRISME vous aide<\/strong><\/span><\/p>\n<p style=\"text-align: justify;\"><strong><\/strong><\/p>\n<ul>\n<li style=\"text-align: justify;\">Nous sommes un service de l\u2019Aide \u00e0 la Jeunesse dont la mission est de vous accompagner si vous \u00eates <strong>int\u00e9ress\u00e9s par une d\u00e9marche de concertation restauratrice en groupe <\/strong>propos\u00e9e par le Juge de la Jeunesse.<\/li>\n<li style=\"text-align: justify;\">Nous sommes tenus au <strong>secret professionnel<\/strong>, nous ne d\u00e9voilons pas le contenu des discussions. Nous traitons vos donn\u00e9es personnelles avec le plus grand soin dans le cadre limit\u00e9 de notre mission.<\/li>\n<li style=\"text-align: justify;\">Nous envoyons au Juge de la Jeunesse des <strong>rapports<\/strong> qui concernent uniquement l\u2019\u00e9tat d\u2019avancement de la CRG. Si un accord est trouv\u00e9, nous lui transmettons \u00e9galement.<\/li>\n<\/ul>\n<p>[\/et_pb_text][\/et_pb_column][\/et_pb_row][et_pb_row _builder_version=\u00a0\u00bb4.3.2&Prime; custom_padding=\u00a0\u00bb|20px|||false|false\u00a0\u00bb][et_pb_column type=\u00a0\u00bb4_4&Prime; _builder_version=\u00a0\u00bb4.3.2&Prime;][et_pb_text _builder_version=\u00a0\u00bb4.3.2&Prime; background_image=\u00a0\u00bbhttp:\/\/leprismeasbl.be\/wp-content\/uploads\/2020\/03\/illu-groupe.png\u00a0\u00bb background_size=\u00a0\u00bbcontain\u00a0\u00bb min_height=\u00a0\u00bb326px\u00a0\u00bb custom_margin=\u00a0\u00bb9px||||false|false\u00a0\u00bb custom_padding=\u00a0\u00bb||214px||false|false\u00a0\u00bb][\/et_pb_text][\/et_pb_column][\/et_pb_row][\/et_pb_section][et_pb_section fb_built=\u00a0\u00bb1&Prime; _builder_version=\u00a0\u00bb4.3.2&Prime; background_color=\u00a0\u00bb#f4f4f4&Prime; custom_margin=\u00a0\u00bb5px||||false|false\u00a0\u00bb][et_pb_row _builder_version=\u00a0\u00bb4.3.2&Prime; background_color=\u00a0\u00bb#f4f4f4&Prime; background_size=\u00a0\u00bbinitial\u00a0\u00bb background_position=\u00a0\u00bbtop_left\u00a0\u00bb background_repeat=\u00a0\u00bbrepeat\u00a0\u00bb custom_padding=\u00a0\u00bb5px||10px||false|false\u00a0\u00bb][et_pb_column type=\u00a0\u00bb4_4&Prime; _builder_version=\u00a0\u00bb4.3.2&Prime;][et_pb_text _builder_version=\u00a0\u00bb4.3.2&Prime; background_color=\u00a0\u00bb#0798a4&Prime; hover_enabled=\u00a0\u00bb0&Prime; min_height=\u00a0\u00bb5px\u00a0\u00bb custom_padding=\u00a0\u00bb0px||2px||false|false\u00a0\u00bb][\/et_pb_text][et_pb_text _builder_version=\u00a0\u00bb4.3.2&Prime; background_color=\u00a0\u00bb#f4f4f4&Prime; custom_margin=\u00a0\u00bb8px||||false|false\u00a0\u00bb]<\/p>\n<p style=\"text-align: center;\"><strong>SERVICE D&rsquo;ACTIONS RESTAURATRICES ET EDUCATIVES<\/strong><\/p>\n<p style=\"text-align: center;\">7, rue des Tuileries &#8211; 7000 MONS &#8211; 065 34 94 51 &#8211; <a href=\"mailto:prisme@skynet.be\">prisme@skynet.be<\/a><\/p>\n<p>[\/et_pb_text][\/et_pb_column][\/et_pb_row][\/et_pb_section]<\/p>\n","protected":false},"excerpt":{"rendered":"<p>Qu\u2019est-ce que la concertation restauratrice en groupe\u00a0? Une concertation restauratrice en groupe (CRG) est une tentative de r\u00e9solution \u00e0 l\u2019amiable d\u2019un conflit, c\u2019est une m\u00e9diation \u00e9largie \u00e0 l\u2019entourage de la victime et de l\u2019auteur. Vous \u00eates invit\u00e9s \u00e0 vous faire accompagner par des personnes de votre choix pour vous soutenir dans cette d\u00e9marche. Nous aidons [&hellip;]<\/p>\n","protected":false},"author":2,"featured_media":0,"parent":0,"menu_order":0,"comment_status":"closed","ping_status":"closed","template":"","meta":{"_et_pb_use_builder":"on","_et_pb_old_content":"","_et_gb_content_width":"","footnotes":""},"class_list":["post-60","page","type-page","status-publish","hentry"],"_links":{"self":[{"href":"https:\/\/leprismeasbl.be\/index.php\/wp-json\/wp\/v2\/pages\/60","targetHints":{"allow":["GET"]}}],"collection":[{"href":"https:\/\/leprismeasbl.be\/index.php\/wp-json\/wp\/v2\/pages"}],"about":[{"href":"https:\/\/leprismeasbl.be\/index.php\/wp-json\/wp\/v2\/types\/page"}],"author":[{"embeddable":true,"href":"https:\/\/leprismeasbl.be\/index.php\/wp-json\/wp\/v2\/users\/2"}],"replies":[{"embeddable":true,"href":"https:\/\/leprismeasbl.be\/index.php\/wp-json\/wp\/v2\/comments?post=60"}],"version-history":[{"count":9,"href":"https:\/\/leprismeasbl.be\/index.php\/wp-json\/wp\/v2\/pages\/60\/revisions"}],"predecessor-version":[{"id":160,"href":"https:\/\/leprismeasbl.be\/index.php\/wp-json\/wp\/v2\/pages\/60\/revisions\/160"}],"wp:attachment":[{"href":"https:\/\/leprismeasbl.be\/index.php\/wp-json\/wp\/v2\/media?parent=60"}],"curies":[{"name":"wp","href":"https:\/\/api.w.org\/{rel}","templated":true}]}}

<p>[et_pb_section fb_built= »1&Prime; _builder_version= »4.3.2&Prime; background_color= »#f4f4f4&Prime; custom_padding= »0px||||false|false »][et_pb_row column_structure= »1_3,1_3,1_3&Prime; _builder_version= »4.3.2&Prime;][et_pb_column type= »1_3&Prime; _builder_version= »4.3.2&Prime;][et_pb_text _builder_version= »4.3.2&Prime; custom_padding= »40px|20px|||false|false »]</p>
<p style="text-align: left;"><span style="color: #009ddf;"><strong>Qu’est-ce que la concertation restauratrice en groupe ?</strong></span></p>
<p style="text-align: justify;"><strong></strong></p>
<ul>
<li style="text-align: justify;"><strong></strong>Une concertation restauratrice en groupe (CRG) est une tentative de <strong>résolution à l’amiable</strong> d’un conflit, c’est une médiation élargie à l’entourage de la victime et de l’auteur.</li>
<li style="text-align: justify;">Vous êtes invités à <strong>vous faire accompagner</strong> par des personnes de votre choix pour vous soutenir dans cette démarche.</li>
<li style="text-align: justify;">Nous aidons à trouver une <strong>issue positive au conflit</strong> par la reprise du dialogue et l’élaboration d’un accord selon vos souhaits.</li>
<li style="text-align: justify;">La CRG est une <strong>démarche entièrement volontaire. </strong>A tout moment, <strong>vous pouvez quitter</strong> le processus en gardant tous vos droits.</li>
</ul>
<p>[/et_pb_text][/et_pb_column][et_pb_column type= »1_3&Prime; _builder_version= »4.3.2&Prime;][et_pb_text _builder_version= »4.3.2&Prime; text_text_color= »#ffffff » background_color= »#009ddf » custom_padding= »40px|10px||10px|false|false » animation_style= »flip » animation_duration= »1750ms »]</p>
<p style="text-align: justify;"><strong>Qu’allons-nous faire ensemble ?</strong></p>
<p style="text-align: justify;"><strong></strong></p>
<ul>
<li style="text-align: justify;"><strong></strong> Nous devons <strong>nous rencontrer</strong> pour connaître votre situation, pour vous entendre sur les faits et leurs conséquences. Nous vous aidons à <strong>définir ce que vous attendez</strong> de cette concertation.</li>
<li style="text-align: justify;">Ensuite, si vous le souhaitez, nous organisons une <strong>rencontre</strong> avec l’autre partie et ses soutiens <strong>en notre présence</strong>.</li>
<li style="text-align: justify;">Si les discussions aboutissent à une entente, nous vous aidons à la <strong>rédaction d’un accord</strong> qui officialise ce qui a été convenu. Nous restons en contact avec vous pour vérifier l’<strong>exécution de l’accord</strong>.</li>
<li style="text-align: justify;">Si vous êtes <strong>mineur</strong>, vos parents sont associés tout au long du processus.</li>
<li style="text-align: justify;">Notre travail se termine avec la fin de la concertation, que la démarche ait abouti ou pas.</li>
</ul>
<p>[/et_pb_text][/et_pb_column][et_pb_column type= »1_3&Prime; _builder_version= »4.3.2&Prime;][et_pb_text _builder_version= »4.3.2&Prime; custom_padding= »40px|||20px|false|false »]</p>
<p style="text-align: justify;"><span style="color: #009ddf;"><strong>LE PRISME vous aide</strong></span></p>
<p style="text-align: justify;"><strong></strong></p>
<ul>
<li style="text-align: justify;">Nous sommes un service de l’Aide à la Jeunesse dont la mission est de vous accompagner si vous êtes <strong>intéressés par une démarche de concertation restauratrice en groupe </strong>proposée par le Juge de la Jeunesse.</li>
<li style="text-align: justify;">Nous sommes tenus au <strong>secret professionnel</strong>, nous ne dévoilons pas le contenu des discussions. Nous traitons vos données personnelles avec le plus grand soin dans le cadre limité de notre mission.</li>
<li style="text-align: justify;">Nous envoyons au Juge de la Jeunesse des <strong>rapports</strong> qui concernent uniquement l’état d’avancement de la CRG. Si un accord est trouvé, nous lui transmettons également.</li>
</ul>
<p>[/et_pb_text][/et_pb_column][/et_pb_row][et_pb_row _builder_version= »4.3.2&Prime; custom_padding= »|20px|||false|false »][et_pb_column type= »4_4&Prime; _builder_version= »4.3.2&Prime;][et_pb_text _builder_version= »4.3.2&Prime; background_image= »http://leprismeasbl.be/wp-content/uploads/2020/03/illu-groupe.png » background_size= »contain » min_height= »326px » custom_margin= »9px||||false|false » custom_padding= »||214px||false|false »][/et_pb_text][/et_pb_column][/et_pb_row][/et_pb_section][et_pb_section fb_built= »1&Prime; _builder_version= »4.3.2&Prime; background_color= »#f4f4f4&Prime; custom_margin= »5px||||false|false »][et_pb_row _builder_version= »4.3.2&Prime; background_color= »#f4f4f4&Prime; background_size= »initial » background_position= »top_left » background_repeat= »repeat » custom_padding= »5px||10px||false|false »][et_pb_column type= »4_4&Prime; _builder_version= »4.3.2&Prime;][et_pb_text _builder_version= »4.3.2&Prime; background_color= »#0798a4&Prime; hover_enabled= »0&Prime; min_height= »5px » custom_padding= »0px||2px||false|false »][/et_pb_text][et_pb_text _builder_version= »4.3.2&Prime; background_color= »#f4f4f4&Prime; custom_margin= »8px||||false|false »]</p>
<p style="text-align: center;"><strong>SERVICE D&rsquo;ACTIONS RESTAURATRICES ET EDUCATIVES</strong></p>
<p style="text-align: center;">7, rue des Tuileries &#8211; 7000 MONS &#8211; 065 34 94 51 &#8211; <a href="mailto:prisme@skynet.be">prisme@skynet.be</a></p>
<p>[/et_pb_text][/et_pb_column][/et_pb_row][/et_pb_section]</p>

<p>Qu’est-ce que la concertation restauratrice en groupe ? Une concertation restauratrice en groupe (CRG) est une tentative de résolution à l’amiable d’un conflit, c’est une médiation élargie à l’entourage de la victime et de l’auteur. Vous êtes invités à vous faire accompagner par des personnes de votre choix pour vous soutenir dans cette démarche. Nous aidons [&hellip;]</p>
