{"id":96,"date":"2020-03-13T10:46:33","date_gmt":"2020-03-13T09:46:33","guid":{"rendered":"http:\/\/leprismeasbl.be\/?page_id=96"},"modified":"2020-03-13T15:23:59","modified_gmt":"2020-03-13T14:23:59","slug":"prestations-educatives","status":"publish","type":"page","link":"https:\/\/leprismeasbl.be\/index.php\/prestations-educatives\/","title":{"rendered":"Prestations \u00e9ducatives"},"content":{"rendered":"<p>[et_pb_section fb_built=\u00a0\u00bb1&Prime; _builder_version=\u00a0\u00bb4.3.2&Prime; background_color=\u00a0\u00bb#f4f4f4&Prime;][et_pb_row column_structure=\u00a0\u00bb1_3,1_3,1_3&Prime; _builder_version=\u00a0\u00bb4.3.2&Prime;][et_pb_column type=\u00a0\u00bb1_3&Prime; _builder_version=\u00a0\u00bb4.3.2&Prime;][et_pb_text _builder_version=\u00a0\u00bb4.3.2&Prime; custom_padding=\u00a0\u00bb40px|20px|||false|false\u00a0\u00bb]<\/p>\n<p style=\"text-align: justify;\"><span style=\"color: #ddbb0b;\"><strong>Qu\u2019est-ce qu\u2019une prestation \u00e9ducative ?<\/strong><\/span><\/p>\n<p style=\"text-align: justify;\"><strong><\/strong><\/p>\n<ul>\n<li style=\"text-align: justify;\">Une prestation \u00e9ducative et d\u2019int\u00e9r\u00eat g\u00e9n\u00e9ral est une <strong>mesure<\/strong> que le Juge de la Jeunesse t\u2019impose parce que tu as commis un d\u00e9lit.<\/li>\n<li style=\"text-align: justify;\">Une prestation est un travail, une <strong>activit\u00e9 b\u00e9n\u00e9vole utile \u00e0 la soci\u00e9t\u00e9<\/strong>. Il s\u2019agit d\u2019un service rendu \u00e0 la collectivit\u00e9 en vue de r\u00e9parer symboliquement les cons\u00e9quences de tes actes.<\/li>\n<li style=\"text-align: justify;\">La prestation s\u2019organise <strong>durant ton temps libre<\/strong>.<\/li>\n<li style=\"text-align: justify;\">Cela peut \u00eatre un travail manuel, administratif, d\u2019animation, etc. qui te permettra de montrer tes qualit\u00e9s et capacit\u00e9s.<\/li>\n<\/ul>\n<p>[\/et_pb_text][\/et_pb_column][et_pb_column type=\u00a0\u00bb1_3&Prime; _builder_version=\u00a0\u00bb4.3.2&Prime;][et_pb_text _builder_version=\u00a0\u00bb4.3.2&Prime; background_color=\u00a0\u00bb#fed501&Prime; custom_padding=\u00a0\u00bb40px|10px||10px|false|false\u00a0\u00bb animation_style=\u00a0\u00bbflip\u00a0\u00bb animation_duration=\u00a0\u00bb1750ms\u00a0\u00bb]<\/p>\n<p style=\"text-align: justify;\"><span style=\"color: #808080;\"><strong>Qu\u2019allons-nous faire ensemble ?<\/strong><\/span><\/p>\n<p style=\"text-align: justify;\"><span style=\"color: #808080;\"><strong><\/strong><\/span><\/p>\n<ul>\n<li style=\"text-align: justify;\"><span style=\"color: #808080;\"><strong>Nous nous rencontrons<\/strong> plusieurs fois ainsi que tes parents pour faire connaissance. Nous parlons du d\u00e9lit, de ses cons\u00e9quences et de l\u2019ensemble de ta situation.<\/span><\/li>\n<li style=\"text-align: justify;\"><span style=\"color: #808080;\"><strong>Nous t\u2019aidons<\/strong> dans la construction et la r\u00e9alisation de ton projet de prestation.<\/span><\/li>\n<li style=\"text-align: justify;\"><span style=\"color: #808080;\">Quand le projet de prestation est pr\u00eat, nous prenons contact avec l\u2019organisme qui t\u2019accueillera.<\/span><\/li>\n<li style=\"text-align: justify;\"><span style=\"color: #808080;\">Nous te pr\u00e9sentons sur le lieu de prestation. Une convention avec le responsable de l\u2019organisme est \u00e9tablie afin de d\u00e9finir ton horaire et les modalit\u00e9s de travail.<\/span><\/li>\n<li style=\"text-align: justify;\"><span style=\"color: #808080;\">La prestation et l\u2019\u00e9volution de ta situation sont <strong>\u00e9valu\u00e9s<\/strong> lors du dernier rendez-vous au PRISME.<\/span><\/li>\n<li style=\"text-align: justify;\"><span style=\"color: #808080;\">Notre intervention prend <strong>fin<\/strong> apr\u00e8s la r\u00e9union d\u2019\u00e9valuation chez le Juge de la Jeunesse.<\/span><\/li>\n<\/ul>\n<p>[\/et_pb_text][\/et_pb_column][et_pb_column type=\u00a0\u00bb1_3&Prime; _builder_version=\u00a0\u00bb4.3.2&Prime;][et_pb_text _builder_version=\u00a0\u00bb4.3.2&Prime; custom_padding=\u00a0\u00bb40px|||20px|false|false\u00a0\u00bb]<\/p>\n<p style=\"text-align: justify;\"><strong><span style=\"color: #ddbb0b;\">Que fait notre service ?<\/span><br \/> <\/strong><\/p>\n<p style=\"text-align: justify;\"><strong><\/strong><\/p>\n<ul>\n<li style=\"text-align: justify;\"><strong>Nous organisons <\/strong>les prestations \u00e9ducatives et d\u2019int\u00e9r\u00eat g\u00e9n\u00e9ral.<\/li>\n<li style=\"text-align: justify;\">Nous travaillons en \u00e9quipe et sommes tenus au <strong>secret professionnel<\/strong>.<\/li>\n<li style=\"text-align: justify;\">Nous envoyons au Juge de la Jeunesse des <strong>rapports<\/strong> concernant l\u2019\u00e9tat d\u2019avancement de la prestation ainsi que de ta situation personnelle et familiale.<\/li>\n<li style=\"text-align: justify;\">Nous traitons les donn\u00e9es personnelles avec le plus grand soin dans le cadre limit\u00e9 de notre mission.<\/li>\n<\/ul>\n<p>[\/et_pb_text][\/et_pb_column][\/et_pb_row][et_pb_row _builder_version=\u00a0\u00bb4.3.2&Prime;][et_pb_column type=\u00a0\u00bb4_4&Prime; _builder_version=\u00a0\u00bb4.3.2&Prime;][et_pb_text _builder_version=\u00a0\u00bb4.3.2&Prime; background_image=\u00a0\u00bbhttp:\/\/leprismeasbl.be\/wp-content\/uploads\/2020\/03\/illu-prestations.png\u00a0\u00bb background_size=\u00a0\u00bbcontain\u00a0\u00bb min_height=\u00a0\u00bb274px\u00a0\u00bb custom_margin=\u00a0\u00bb8px||||false|false\u00a0\u00bb custom_padding=\u00a0\u00bb9px||214px||false|false\u00a0\u00bb animation_style=\u00a0\u00bbfold\u00a0\u00bb animation_duration=\u00a0\u00bb1750ms\u00a0\u00bb][\/et_pb_text][\/et_pb_column][\/et_pb_row][\/et_pb_section][et_pb_section fb_built=\u00a0\u00bb1&Prime; _builder_version=\u00a0\u00bb4.3.2&Prime; background_color=\u00a0\u00bb#f4f4f4&Prime; custom_margin=\u00a0\u00bb5px||||false|false\u00a0\u00bb][et_pb_row _builder_version=\u00a0\u00bb4.3.2&Prime; background_color=\u00a0\u00bb#f4f4f4&Prime; background_size=\u00a0\u00bbinitial\u00a0\u00bb background_position=\u00a0\u00bbtop_left\u00a0\u00bb background_repeat=\u00a0\u00bbrepeat\u00a0\u00bb][et_pb_column type=\u00a0\u00bb4_4&Prime; _builder_version=\u00a0\u00bb4.3.2&Prime;][et_pb_text _builder_version=\u00a0\u00bb4.3.2&Prime; background_color=\u00a0\u00bb#0798a4&Prime; hover_enabled=\u00a0\u00bb0&Prime; min_height=\u00a0\u00bb5px\u00a0\u00bb custom_padding=\u00a0\u00bb0px||2px||false|false\u00a0\u00bb][\/et_pb_text][et_pb_text _builder_version=\u00a0\u00bb4.3.2&Prime; background_color=\u00a0\u00bb#f4f4f4&Prime; custom_margin=\u00a0\u00bb8px||||false|false\u00a0\u00bb]<\/p>\n<p style=\"text-align: center;\"><strong>SERVICE D&rsquo;ACTIONS RESTAURATRICES ET EDUCATIVES<\/strong><\/p>\n<p style=\"text-align: center;\">7, rue des Tuileries &#8211; 7000 MONS &#8211; 065 34 94 51 &#8211; <a href=\"mailto:prisme@skynet.be\">prisme@skynet.be<\/a><\/p>\n<p>[\/et_pb_text][\/et_pb_column][\/et_pb_row][\/et_pb_section]<\/p>\n","protected":false},"excerpt":{"rendered":"<p>Qu\u2019est-ce qu\u2019une prestation \u00e9ducative ? Une prestation \u00e9ducative et d\u2019int\u00e9r\u00eat g\u00e9n\u00e9ral est une mesure que le Juge de la Jeunesse t\u2019impose parce que tu as commis un d\u00e9lit. Une prestation est un travail, une activit\u00e9 b\u00e9n\u00e9vole utile \u00e0 la soci\u00e9t\u00e9. Il s\u2019agit d\u2019un service rendu \u00e0 la collectivit\u00e9 en vue de r\u00e9parer symboliquement les cons\u00e9quences [&hellip;]<\/p>\n","protected":false},"author":2,"featured_media":0,"parent":0,"menu_order":0,"comment_status":"closed","ping_status":"closed","template":"","meta":{"_et_pb_use_builder":"on","_et_pb_old_content":"","_et_gb_content_width":"","footnotes":""},"class_list":["post-96","page","type-page","status-publish","hentry"],"_links":{"self":[{"href":"https:\/\/leprismeasbl.be\/index.php\/wp-json\/wp\/v2\/pages\/96","targetHints":{"allow":["GET"]}}],"collection":[{"href":"https:\/\/leprismeasbl.be\/index.php\/wp-json\/wp\/v2\/pages"}],"about":[{"href":"https:\/\/leprismeasbl.be\/index.php\/wp-json\/wp\/v2\/types\/page"}],"author":[{"embeddable":true,"href":"https:\/\/leprismeasbl.be\/index.php\/wp-json\/wp\/v2\/users\/2"}],"replies":[{"embeddable":true,"href":"https:\/\/leprismeasbl.be\/index.php\/wp-json\/wp\/v2\/comments?post=96"}],"version-history":[{"count":3,"href":"https:\/\/leprismeasbl.be\/index.php\/wp-json\/wp\/v2\/pages\/96\/revisions"}],"predecessor-version":[{"id":161,"href":"https:\/\/leprismeasbl.be\/index.php\/wp-json\/wp\/v2\/pages\/96\/revisions\/161"}],"wp:attachment":[{"href":"https:\/\/leprismeasbl.be\/index.php\/wp-json\/wp\/v2\/media?parent=96"}],"curies":[{"name":"wp","href":"https:\/\/api.w.org\/{rel}","templated":true}]}}